 305971
List the prime factors of 116807449.
11, 10618859
List the prime factors of 503094465.
3, 5, 29, 73, 5281
What are the prime factors of 35140563?
3, 223, 17509
What are the prime factors of 57064098?
2, 3, 7, 13, 104513
List the prime factors of 228283433.
7, 359, 90841
What are the prime factors of 8978969?
8978969
List the prime factors of 35984209.
191, 293, 643
What are the prime factors of 942669303?
3, 233, 1348597
List the prime factors of 663267597.
3, 17, 199, 65353
List the prime factors of 649576418.
2, 31, 337969
List the prime factors of 42270524.
2, 293, 36067
List the prime factors of 53459761.
127, 509, 827
What are the prime factors of 86895040?
2, 5, 383, 709
List the prime factors of 12900683.
12900683
List the prime factors of 1393010899.
7, 3119, 63803
List the prime factors of 1474820922.
2, 3, 41, 733, 8179
What are the prime factors of 1279090472?
2, 11, 17, 29, 29483
List the prime factors of 1035993559.
311, 3331169
What are the prime factors of 510261324?
2, 3, 17, 2501281
What are the prime factors of 2378036402?
2, 7, 169859743
What are the prime factors of 315988737?
3, 9011, 11689
List the prime factors of 168780827.
168780827
List the prime factors of 46939947.
3, 233, 67153
What are the prime factors of 11491600?
2, 5, 28729
List the prime factors of 67670190.
2, 3, 5, 7, 233, 461
List the prime factors of 90727918.
2, 71, 8999
What are the prime factors of 373452494?
2, 186726247
What are the prime factors of 2176184728?
2, 272023091
What are the prime factors of 658420445?
5, 4093, 32173
What are the prime factors of 4602326905?
5, 11, 6221, 13451
What are the prime factors of 1048431334?
2, 37, 3433, 4127
What are the prime factors of 12635094?
2, 3, 53, 39733
What are the prime factors of 273751226?
2, 7, 457, 42787
What are the prime factors of 107455690?
2, 5, 2833, 3793
List the prime factors of 61272212.
2, 15318053
What are the prime factors of 59362284?
2, 3, 4946857
List the prime factors of 720552147.
3, 7, 379, 90533
List the prime factors of 1309438958.
2, 727, 900577
List the prime factors of 73909303.
13, 43, 109, 1213
What are the prime factors of 383358401?
383358401
What are the prime factors of 367161678?
2, 3, 13, 421, 3727
List the prime factors of 893132132.
2, 223283033
List the prime factors of 248351178.
2, 3, 37, 59, 67, 283
What are the prime factors of 200090612?
2, 17, 1087, 2707
List the prime factors of 22926657.
3, 13, 587863
What are the prime factors of 1478428366?
2, 739214183
List the prime factors of 2156648896.
2, 37, 910747
What are the prime factors of 345764137?
345764137
List the prime factors of 231948647.
7, 59, 463, 1213
List the prime factors of 2598828667.
2598828667
What are the prime factors of 6023037897?
3, 1511, 442903
What are the prime factors of 102612524?
2, 7, 271, 13523
List the prime factors of 79277846.
2, 41, 966803
List the prime factors of 65005852.
2, 43, 139, 2719
List the prime factors of 1049721994.
2, 19, 27624263
List the prime factors of 2248089252.
2, 3, 3323, 56377
List the prime factors of 492092504.
2, 5851, 10513
What are the prime factors of 33738544?
2, 7, 301237
What are the prime factors of 2938867881?
3, 979622627
List the prime factors of 569096322.
2, 3, 19, 4992073
List the prime factors of 45374775.
3, 5, 604997
List the prime factors of 70099982.
2, 35049991
List the prime factors of 128281536.
2, 3, 61, 1217
What are the prime factors of 317934219?
3, 271, 391063
List the prime factors of 59043671.
71, 557, 1493
What are the prime factors of 349047512?
2, 11, 43, 92243
List the prime factors of 41581001.
7, 11, 307, 1759
What are the prime factors of 681135560?
2, 5, 7, 19, 128033
List the prime factors of 139357681.
139357681
List the prime factors of 14025904.
2, 876619
List the prime factors of 198726385.
5, 11, 13, 41, 6779
What are the prime factors of 3576487442?
2, 11, 23, 7068157
What are the prime factors of 5504498896?
2, 13, 26463937
List the prime factors of 25609876.
2, 269, 23801
What are the prime factors of 1713136439?
7, 23, 10640599
What are the prime factors of 570815208?
2, 3, 131, 20173
List the prime factors of 351949741.
11, 13, 2461187
List the prime factors of 143278586.
2, 11, 6512663
List the prime factors of 2650913464.
2, 331364183
What are the prime factors of 3877735869?
3, 7, 20517121
List the prime factors of 50947877.
479, 106363
What are the prime factors of 4369468552?
2, 47, 61, 190507
What are the prime factors of 30212611?
11, 13, 19207
List the prime factors of 191153657.
31, 6166247
What are the prime factors of 19981513?
197, 101429
What are the prime factors of 358413642?
2, 3, 97, 131, 1567
What are the prime factors of 63012804?
2, 3, 859, 6113
List the prime factors of 1910762553.
3, 7, 607, 149899
List the prime factors of 188248874.
2, 11, 337, 25391
List the prime factors of 197488191.
3, 65829397
What are the prime factors of 154543934?
2, 77271967
What are the prime factors of 1940033446?
2, 13, 74616671
List the prime factors of 42496269.
3, 71, 131, 1523
What are the prime factors of 4566406836?
2, 3, 587, 648269
List the prime factors of 127039736.
2, 31, 97, 5281
List the prime factors of 794563990.
2, 5, 11, 673, 10733
List the prime factors of 2886429.
3, 7, 13, 97, 109
List the prime factors of 5370046.
2, 11, 19, 29, 443
What are the prime factors of 2106953978?
2, 1021, 1031809
List the prime factors of 140218437.
3, 47, 994457
List the prime factors of 642740077.
7, 739, 124249
List the prime factors of 97154217.
3, 31, 47, 239
What are the prime factors of 1389494802?
2, 3, 3491, 66337
List the prime factors of 1087443426.
2, 3, 43, 139, 30323
List the prime factors of 1065105218.
2, 10973, 48533
List the prime factors of 5618325384.
2, 3, 7, 19, 37, 101, 157
List the prime factors of 50096312.
2, 7, 19, 197, 239
List the prime factors of 8058796664.
2, 307, 3281269
List the prime factors of 818927833.
2557, 320269
What are the prime factors of 194702159?
9623, 20233
List the prime factors of 856036315.
5, 171207263
What are the prime factors of 348421308?
2, 3, 157, 173, 1069
List the prime factors of 132930855.
3, 5, 251, 3923
List the prime factors of 50519684.
2, 23, 449, 1223
What are the prime factors of 3286887874?
2, 97, 16942721
List the prime factors of 1309681960.
2, 5, 43, 761443
What are the prime factors of 24045196?
2, 7, 858757
What are the prime factors of 1157419825?
5, 433, 106921
What are the prime factors of 266579731?
11, 127, 190823
List the prime factors of 8498038292.
2, 2124509573
List the prime factors of 1151120308.
2, 13, 22136929
List the prime factors of 22248930.
2, 3, 5, 11, 67421
List the prime factors of 771641137.
211, 757, 4831
List the prime factors of 107404502.
2, 41, 1309811
List the prime factors of 4825356746.
2, 7, 344668339
List the prime factors of 1041982914.
2, 3, 7, 19, 1305743
What are the prime factors of 1090658491?
13, 83896807
What are the prime factors of 72067280?
2, 5, 23, 53, 739
What are the prime factors of 2918700545?
5, 583740109
What are the prime factors of 3619591765?
5, 23, 2543, 12377
List the prime factors of 1095345844.
2, 273836461
What are the prime factors of 3649859?
199, 18341
What are the prime factors of 20272469?
7, 2896067
List the prime factors of 3338036911.
11, 303457901
List the prime factors of 155254534.
2, 77627267
List the prime factors of 78030180.
2, 3, 5, 433501
List the prime factors of 1053457856.
2, 11, 937, 1597
List the prime factors of 272552535.
3, 5, 6056723
What are the prime factors of 18907512?
2, 3, 13, 60601
What are the prime factors of 80685969?
3, 7, 13, 295553
What are the prime factors of 197654642?
2, 98827321
List the prime factors of 5308930856.
2, 10159, 65323
List the prime factors of 28472957.
2029, 14033
List the prime factors of 77140754.
2, 29, 601, 2213
List the prime factors of 18543468.
2, 3, 19, 81331
What are the prime factors of 114501411?
3, 503, 8431
What are the prime factors of 371907782?
2, 109, 307, 5557
List the prime factors of 481043936.
2, 15032623
What are the prime factors of 12682543?
269, 47147
What are the prime factors of 2476069679?
2476069679
What are the prime factors of 1101416595?
3, 5, 103, 712891
What are the 